= -2*b + 11*o + 5464, -6*b - o = -16327. Is b a composite number?
True
Suppose 0*l = -2*l + h + 3229, 4*h = -5*l + 8105. Suppose 0 = -3*i + 6, 1893 = 2*d - 4*i - 2927. Let m = d - l. Is m prime?
True
Suppose -3*o = -51 - 57. Let d = 43 - o. Suppose -2*k - d = -37. Is k a prime number?
False
Suppose 0 = -7*y - 1 + 15. Let t be 89346/(-36) - y/12. Is t/(-14) - (2 + (-72)/42) composite?
True
Let q = -1976222 + 3679701. Is q composite?
False
Let m = -2303 + 62166. Is m prime?
True
Let s(g) = -20*g + 119. Let i be s(6). Is 8350 - (-4 + i/(-1)) prime?
True
Let p = 215456 + -150163. Is p composite?
False
Suppose -86*v - 91*v + 167*v + 1897460 = 0. Is v composite?
True
Let f be (-1 + 0)*1*(4 - 6). Suppose f*v = 35*v - 67749. Is v composite?
False
Let c(t) = 2*t**2 + 17*t - 5. Let y = 13 + -26. Let d = y - 3. Is c(d) prime?
False
Is 10/(-15) - ((-1117420)/15)/4 prime?
False
Suppose 5*o + r = -125, -58 = 4*o - 2*o + 2*r. Let w be (-3 - 0) + o/(-4). Is 0 + 177*5/w composite?
True
Let c(o) = -o**2 - 6*o - 8. Let i(f) = -f + 1. Let n(w) = -c(w) + 5*i(w). Let y be n(-10). Let r = y - -88. Is r a prime number?
True
Let o(z) = -4858*z + 421. Is o(-4) a composite number?
False
Let g = 3068 - 6002. Is (1/(-6)*2)/(6/g) a composite number?
False
Let z(s) = s**3 - 117*s**2 + 3321*s - 95. Is z(72) a composite number?
False
Is (-3)/4 + ((-142616790)/24)/(-15) a composite number?
False
Let y(p) be the second derivative of 5*p**4/3 + 2*p**3 - 47*p**2/2 + 4*p. Is y(6) a prime number?
False
Let s = -144516 + 267167. Is s a prime number?
True
Let p = -156981 + 229744. Is p a composite number?
False
Let h(t) = 125*t**2 + 4*t + 2. Let a be h(5). Let b(c) = 2*c**3 + 144*c**2 + 142*c + 12. Let f be b(-71). Suppose 15*o - f*o = a. Is o a composite number?
False
Suppose 3*c - r = 275955, -25*r = c - 26*r - 91985. Is c a prime number?
False
Let m(c) = -5 - 12145*c + 6111*c + 6420*c. Let g be 1/(-1)*(-1 + 0). Is m(g) a prime number?
False
Suppose 135*i - 61*i - 530696 = 66*i. Is i composite?
False
Suppose 8*a - 22960 = 3*a + z, 2*z = 5*a - 22965. Suppose -3*h = 3*p - 2763, -11*h + 6*h = -2*p - a. Is h a composite number?
False
Let k(t) = t - 8. Let c be k(8). Suppose 6*a - 4*a - 6050 = c. Suppose -3*m + a = -3926. Is m a composite number?
True
Suppose 22*v - 18*v = -t + 227111, 2*t = -2*v + 113560. Is v composite?
True
Let f(j) = 2*j**2 - 23*j + 11. Let p be f(11). Suppose p = -3*x + 4*s + 8755 + 952, -16140 = -5*x - s. Is x a composite number?
False
Let m be 2 + (4 - (1 + 2)). Suppose -28 = -3*p + m*h - 1, 4*p - 21 = -h. Suppose -7*n + 26065 = p*n. Is n prime?
False
Let n = -171 - -163. Is -17291*(n + (-63)/(-9)) prime?
True
Let c(j) = j**2 - 18*j - 33. Let v(s) = 3*s**2 - 53*s - 98. Let a(d) = 8*c(d) - 3*v(d). Let y be a(21). Let q = 173 + y. Is q composite?
True
Suppose a = f - 552, -4*a + 2*f - 1948 = 270. Suppose 0*j - 4*j + 5749 = -l, l = -3*j + 4303. Let b = a + j. Is b a composite number?
True
Suppose -20*d + 474144 + 194297 = -384899. Is d a prime number?
True
Suppose -9*x + 6*x + 349069 = -5*l, 3*x - 349071 = 6*l. Is x composite?
True
Let b be ((-20)/10)/((-6)/15). Let w = -6 - -8. Suppose w*o - 6 = 0, -s + 4*s + b*o = 648. Is s a prime number?
True
Let o = 107 + -102. Suppose 5*a - 4*r = -735, 3*r = -o*a - 2*r - 780. Let p = 6290 + a. Is p a composite number?
True
Let t(u) = -663*u + 95. Let w be t(-19). Let i = -7079 + w. Is i composite?
True
Let s = 19696 - 9369. Is s prime?
False
Suppose 3*j + 27031 = q - j, 54032 = 2*q + 2*j. Is q a prime number?
False
Suppose 18*f = -21*f + 44*f - 522845. Is f a prime number?
False
Suppose m + 3 = -0*m. Let l(d) = -d**3 - 2*d**2 - 5. Let x be l(m). Suppose -297 = -2*r + r - x*g, r + 3*g - 302 = 0. Is r a composite number?
False
Suppose h - 19 = c, -3*c = -4*h - 35 + 96. Let x be (-6)/9 - (c/9 + 2). Is (-2 - x)/1 + 318 a prime number?
True
Suppose 5*d + 21628 = 5*x - 2857, 5*x - 24481 = d. Suppose 4*m = -x + 532. Let n = m - -1570. Is n composite?
False
Let g(v) be the third derivative of -53*v**4/8 - 127*v**3/3 + 154*v**2. Is g(-7) a prime number?
True
Let v(q) = 35*q**3 - 4*q**2 - 10*q + 2. Let b be v(6). Let y = -235 + b. Is y prime?
False
Suppose m = 2*r + 4*m - 21, -2*r = -2*m - 46. Suppose 3*v - c + 10 = 0, r = -v - 2*v + 3*c. Is (-8)/12 - (v + 14540/(-12)) prime?
True
Suppose 4*d - 4*g = -8, -g + 1 + 4 = 2*d. Is (-323*9)/(-1) + (d - 5) composite?
False
Suppose -2*a + 3*p + 5 = 0, 4*p + 0*p = -2*a + 26. Suppose -2*w = a*w - 2097. Is w a composite number?
False
Suppose 109062 = 2*d - 4*q, -5*d - 3*q + 291287 - 18723 = 0. Is d a prime number?
True
Let c(m) = -46741*m - 48. Is c(-11) a composite number?
False
Let j(p) = 51*p - 146. Let v be j(3). Suppose 2*y = s + 3673, 4*y - v*y + 5*s + 5506 = 0. Is y composite?
True
Suppose -13*l + 15 = -11. Suppose -3*m - v + 3458 = 0, l*v + 2*v + 4584 = 4*m. Suppose -4*r - m = -5*r. Is r composite?
False
Suppose -2009 - 2893 = -19*z. Suppose 256*b + 586 = z*b. Is b a prime number?
True
Let t be 6/2 - (-3 - (-1 + -1)). Suppose 2*h - 8221 = -g, t*h - 2*g = 2*g + 16424. Suppose 11*s + h = 18*s. Is s a composite number?
False
Let p(n) = -9078*n + 1417. Is p(-14) composite?
False
Let t be (3/(-2))/(2/(-6268)). Suppose 63725 = -19*v + 14287. Let r = t + v. Is r prime?
True
Let y = 3959503 + -1669368. Is y composite?
True
Suppose -n = m - 1003, -3*m - n = -4*m + 1005. Let d be (-2028)/(-2) + (13 - 23). Suppose 0 = 4*z - h - d, -5*h - m = -4*z - h. Is z a composite number?
False
Let k be 29 + (-8 - (-2 + -3)). Suppose -k*u + u = -31975. Is u a composite number?
False
Suppose 25 = 5*s + 10. Suppose u - 13847 = 2*y, 6*y = -u + s*y + 13852. Is u a composite number?
True
Suppose -5*k = 2*m - 41408, -7*k = -4*m - 10*k + 82844. Let q = -11587 + m. Is q composite?
False
Let t(y) = y - 2. Let x be t(7). Suppose -x = -5*s - 5*c, 3*s = -2*s - 2*c + 17. Suppose 3*n - 147 = -4*v, -4 - s = 3*v. Is n prime?
True
Is (-6938482)/(-348) + 5/6 composite?
True
Let y(i) = -14*i + 33. Let o be 145/(-7) + 4/(-14). Let c be y(o). Let k = 328 + c. Is k a prime number?
False
Let v(j) = j**2 + 9*j - 56. Let t be v(-13). Is 5/6*(-45048)/t composite?
True
Suppose 4*h + h + c = 520537, 3*h = -4*c + 312329. Is h a prime number?
True
Suppose -3*f - 3*z - 38 = -1802, -3*z + 6 = 0. Suppose -f + 8450 = 8*t. Is t prime?
True
Suppose 1116121 = -762*f + 785*f. Is f composite?
False
Let b(l) = l**3 + 5*l**2 - 2*l - 8. Let u be b(-6). Let t = 36 + u. Suppose -3*n + 14599 = 2*n - t*z, 0 = 4*z - 16. Is n a prime number?
False
Let j be (-2 - -64*9)*2*-2. Let t be j/(-98) - 4*2/(-14). Suppose 2*h - t - 188 = 0. Is h a prime number?
False
Let n(h) = -96*h**3 - h**2 - h + 2. Let z be n(1). Is (-120)/z + (-13727)/(-4) prime?
True
Suppose -16 = -4*v, -4 = 5*f - 4*v + 22. Let o be (0 - 1)*(15 - f). Let b(t) = t**3 + 22*t**2 + 4*t - 16. Is b(o) composite?
False
Let a(t) = 101*t**2 + 11*t - 5. Let k = -320 + 324. Is a(k) a prime number?
False
Is 2*-1 + -1 - (-106995 - -4613) a composite number?
True
Let q be (-24)/(-12)*(-12)/(-2)*1. Let p(r) = 5*r**3 - 3*r**3 + 19 - 6*r**2 + 3*r - r**3. Is p(q) composite?
False
Let g be 9/(27/102) + 4*-1. Suppose -g*b - 18859 = -126529. Is b a composite number?
True
Suppose 3*j - 135 = -87. Let s(v) = 6*v**2 - 2*v - 28. Let c be s(j). Suppose 5*q = -10, q + 951 = 5*k - c. Is k a composite number?
True
Suppose -5*v = -7436 - 16694. Let c = v - 1828. Suppose 3*w + 9 = 0, 4*m + 4*w = 2*w + c. Is m prime?
True
Suppose -y - 37440 = v + 4*v, -3*y = 3*v + 112260. Is y/14*(-14)/35 a prime number?
True
Suppose 0 = -130*d + 128*d - 4*c + 101774, -3*d = -4*c - 152721. Is d composite?
True
Let u = 110 + -113. Let p be (-2)/u*1 - (-15988)/(-6). Let z = 363 - p. Is z a prime number?
False
Suppose -y = 3*y + 3*l - 201, -3*y - 5*l + 159 = 0. Suppose 3*f - y = 7*f. Let g = 23 + f. Is g composite?
False
Let n be (-6)/(-18) - (-3)/(27/33). Suppose 3*d - 2*s = 3*s + 8, -n*d - 2*s = -28. Suppose d*f = 7*f - 2073. Is f prime?
False
Suppose -711 = 2*q + 5*n - 1818, q + 4*n - 561 = 0. Suppose -4*w + 4*d + 7265 = q, 0 = -w - 5*d + 1657. Suppose 6*g - w = 837. Is g prime?
True
Let q be 573*-1*(5 - (-2 + 8)). Let n = -370 + q. Is n a composite number?
True
Let h = -137 - -72. Let w = h + 67. Suppose -4*z - w*b + 444 = -4*b, 5*b + 565 =